{"id":420,"date":"2018-04-10T13:43:01","date_gmt":"2018-04-10T10:43:01","guid":{"rendered":"https:\/\/lasite.fi\/?post_type=product&#038;p=420"},"modified":"2026-01-14T22:50:08","modified_gmt":"2026-01-14T20:50:08","slug":"valkoinen-kraklee","status":"publish","type":"product","link":"https:\/\/lasite.fi\/index.php\/tuote\/valkoinen-kraklee\/","title":{"rendered":"VALKOINEN KRAKLEE"},"content":{"rendered":"","protected":false},"excerpt":{"rendered":"<p align=\"JUSTIFY\">Polttol\u00e4mp\u00f6tila 1230-1260 \u00baC.<\/p>\n<p>Matta valkoinen s\u00e4r\u00f6ilev\u00e4 krakleelasite. Ei valu. Krakleelasitetta kannattaa lasittaa paksusti, jotta krakleeverkko tulisi tihe\u00e4ksi \u2013 esim. 4 kerrosta siveltimell\u00e4 eri suuntiin. Kraklee-kuvion esiinsaamiseksi, pinta k\u00e4sitell\u00e4\u00e4n teell\u00e4, kahvilla tai mustteella. Paras aika k\u00e4sittelyyn on pari p\u00e4iv\u00e4\u00e4 lasituspolton j\u00e4lkeen tai my\u00f6hemmin, jolloin s\u00e4r\u00f6ilu tihenee viel\u00e4 polton j\u00e4lkeen. S\u00e4r\u00f6ilyn tiheys riippuu my\u00f6s k\u00e4ytett\u00e4v\u00e4st\u00e4 savimassasta \u2013 esim. posliinilla s\u00e4r\u00f6ily voi j\u00e4\u00e4d\u00e4 liian harvaksi. Tuotekuvissa oleviin esineisiin on k\u00e4ytetty Witgert-merkkist\u00e4 valkosavea. Vaikka valkoinen krakleelasite on koostumukseltaan elintarvikekelvollinen, s\u00e4r\u00f6ilusta johtuen sen k\u00e4ytt\u00f6 elintarvikkeiden kanssa kosketuksiin joutuviin ruoka-astioihin ei ole hygieniasyist\u00e4 suositeltavaa.<\/p>\n","protected":false},"featured_media":423,"comment_status":"closed","ping_status":"closed","template":"","meta":{"_monsterinsights_skip_tracking":false,"_monsterinsights_sitenote_active":false,"_monsterinsights_sitenote_note":"","_monsterinsights_sitenote_category":0},"product_cat":[32],"product_tag":[45,26,24],"class_list":{"0":"post-420","1":"product","2":"type-product","3":"status-publish","4":"has-post-thumbnail","6":"product_cat-lasitteet","7":"product_tag-kraklee","8":"product_tag-matta","9":"product_tag-valkoinen","10":"pa_pakkauskoko-200_ml","11":"pa_pakkauskoko-900_ml","13":"first","14":"outofstock","15":"shipping-taxable","16":"purchasable","17":"product-type-variable"},"_links":{"self":[{"href":"https:\/\/lasite.fi\/index.php\/wp-json\/wp\/v2\/product\/420"}],"collection":[{"href":"https:\/\/lasite.fi\/index.php\/wp-json\/wp\/v2\/product"}],"about":[{"href":"https:\/\/lasite.fi\/index.php\/wp-json\/wp\/v2\/types\/product"}],"replies":[{"embeddable":true,"href":"https:\/\/lasite.fi\/index.php\/wp-json\/wp\/v2\/comments?post=420"}],"wp:featuredmedia":[{"embeddable":true,"href":"https:\/\/lasite.fi\/index.php\/wp-json\/wp\/v2\/media\/423"}],"wp:attachment":[{"href":"https:\/\/lasite.fi\/index.php\/wp-json\/wp\/v2\/media?parent=420"}],"wp:term":[{"taxonomy":"product_cat","embeddable":true,"href":"https:\/\/lasite.fi\/index.php\/wp-json\/wp\/v2\/product_cat?post=420"},{"taxonomy":"product_tag","embeddable":true,"href":"https:\/\/lasite.fi\/index.php\/wp-json\/wp\/v2\/product_tag?post=420"}],"curies":[{"name":"wp","href":"https:\/\/api.w.org\/{rel}","templated":true}]}}