{"id":458,"date":"2018-07-26T01:27:01","date_gmt":"2018-07-25T22:27:01","guid":{"rendered":"https:\/\/lasite.fi\/?post_type=product&#038;p=458"},"modified":"2018-07-26T01:27:01","modified_gmt":"2018-07-25T22:27:01","slug":"muotti-198x378","status":"publish","type":"product","link":"https:\/\/lasite.fi\/index.php\/tuote\/muotti-198x378\/","title":{"rendered":"MUOTTI 198X378"},"content":{"rendered":"","protected":false},"excerpt":{"rendered":"<p>Vanerinen muotti saven pr\u00e4ss\u00e4ykseen.<\/p>\n<p>Koko 198mmx378mm (leve\u00e4mpi sivu).<\/p>\n<p>Muotin avulla saat helposti siistit suorakulmion muotoiset lautaset, katso video <a href=\"https:\/\/lasite.fi\/index.php\/lasiteaitta\/vinkit-ja-ohjeet\/\">t\u00e4st\u00e4!<\/a><\/p>\n<p>Ty\u00f6skentelyn j\u00e4lkeen anna muotin kuivua, s\u00e4ilyt\u00e4 kuivassa tilassa.<\/p>\n","protected":false},"featured_media":459,"comment_status":"closed","ping_status":"closed","template":"","meta":{"_monsterinsights_skip_tracking":false,"_monsterinsights_sitenote_active":false,"_monsterinsights_sitenote_note":"","_monsterinsights_sitenote_category":0},"product_cat":[50],"product_tag":[46],"class_list":{"0":"post-458","1":"product","2":"type-product","3":"status-publish","4":"has-post-thumbnail","6":"product_cat-uncategorized","7":"product_tag-muotti","8":"product_shipping_class-peruspakkaus","10":"first","11":"outofstock","12":"shipping-taxable","13":"purchasable","14":"product-type-simple"},"_links":{"self":[{"href":"https:\/\/lasite.fi\/index.php\/wp-json\/wp\/v2\/product\/458"}],"collection":[{"href":"https:\/\/lasite.fi\/index.php\/wp-json\/wp\/v2\/product"}],"about":[{"href":"https:\/\/lasite.fi\/index.php\/wp-json\/wp\/v2\/types\/product"}],"replies":[{"embeddable":true,"href":"https:\/\/lasite.fi\/index.php\/wp-json\/wp\/v2\/comments?post=458"}],"wp:featuredmedia":[{"embeddable":true,"href":"https:\/\/lasite.fi\/index.php\/wp-json\/wp\/v2\/media\/459"}],"wp:attachment":[{"href":"https:\/\/lasite.fi\/index.php\/wp-json\/wp\/v2\/media?parent=458"}],"wp:term":[{"taxonomy":"product_cat","embeddable":true,"href":"https:\/\/lasite.fi\/index.php\/wp-json\/wp\/v2\/product_cat?post=458"},{"taxonomy":"product_tag","embeddable":true,"href":"https:\/\/lasite.fi\/index.php\/wp-json\/wp\/v2\/product_tag?post=458"}],"curies":[{"name":"wp","href":"https:\/\/api.w.org\/{rel}","templated":true}]}}