{"id":51,"date":"2017-03-01T21:48:30","date_gmt":"2017-03-01T19:48:30","guid":{"rendered":"https:\/\/lasite.fi\/?post_type=product&#038;p=51"},"modified":"2025-12-29T14:01:38","modified_gmt":"2025-12-29T12:01:38","slug":"lapinakyva","status":"publish","type":"product","link":"https:\/\/lasite.fi\/index.php\/tuote\/lapinakyva\/","title":{"rendered":"L\u00c4PIN\u00c4KYV\u00c4 LASITE"},"content":{"rendered":"","protected":false},"excerpt":{"rendered":"<p>Polttol\u00e4mp\u00f6tila 1230-1260 <span style=\"color: #000000;\"><span style=\"font-family: Times New Roman,serif;\">\u00baC<\/span><\/span><\/p>\n<p><span style=\"color: #000000;\">L\u00e4pin\u00e4kyv\u00e4 kiilt\u00e4v\u00e4 lasite. Liian paksu lasitekerros voi muodostaa pieni\u00e4 kiteit\u00e4. Ei valu.<\/span><\/p>\n","protected":false},"featured_media":253,"comment_status":"closed","ping_status":"closed","template":"","meta":{"_monsterinsights_skip_tracking":false,"_monsterinsights_sitenote_active":false,"_monsterinsights_sitenote_note":"","_monsterinsights_sitenote_category":0},"product_cat":[50],"product_tag":[10,21,12,29,11,19],"class_list":{"0":"post-51","1":"product","2":"type-product","3":"status-publish","4":"has-post-thumbnail","6":"product_cat-uncategorized","7":"product_tag-keramiikka","8":"product_tag-kiiltava","9":"product_tag-korkeanpoltto","10":"product_tag-lapinakyva","11":"product_tag-lasite","12":"product_tag-lasitteet","13":"pa_pakkauskoko-200_ml","14":"pa_pakkauskoko-5_litraa","15":"pa_pakkauskoko-900_ml","17":"first","18":"instock","19":"shipping-taxable","20":"purchasable","21":"product-type-variable"},"_links":{"self":[{"href":"https:\/\/lasite.fi\/index.php\/wp-json\/wp\/v2\/product\/51"}],"collection":[{"href":"https:\/\/lasite.fi\/index.php\/wp-json\/wp\/v2\/product"}],"about":[{"href":"https:\/\/lasite.fi\/index.php\/wp-json\/wp\/v2\/types\/product"}],"replies":[{"embeddable":true,"href":"https:\/\/lasite.fi\/index.php\/wp-json\/wp\/v2\/comments?post=51"}],"wp:featuredmedia":[{"embeddable":true,"href":"https:\/\/lasite.fi\/index.php\/wp-json\/wp\/v2\/media\/253"}],"wp:attachment":[{"href":"https:\/\/lasite.fi\/index.php\/wp-json\/wp\/v2\/media?parent=51"}],"wp:term":[{"taxonomy":"product_cat","embeddable":true,"href":"https:\/\/lasite.fi\/index.php\/wp-json\/wp\/v2\/product_cat?post=51"},{"taxonomy":"product_tag","embeddable":true,"href":"https:\/\/lasite.fi\/index.php\/wp-json\/wp\/v2\/product_tag?post=51"}],"curies":[{"name":"wp","href":"https:\/\/api.w.org\/{rel}","templated":true}]}}